ts digit of 28661?
1
What is the tens digit of 4303?
0
What is the units digit of 180?
0
What is the hundreds digit of 3012?
0
What is the hundreds digit of 2312?
3
What is the tens digit of 493?
9
What is the thousands digit of 36528?
6
What is the hundreds digit of 2325?
3
What is the hundreds digit of 1757?
7
What is the hundreds digit of 2301?
3
What is the hundreds digit of 103346?
3
What is the tens digit of 95304?
0
What is the units digit of 94?
4
What is the thousands digit of 33916?
3
What is the tens digit of 141?
4
What is the tens digit of 73436?
3
What is the hundreds digit of 117176?
1
What is the units digit of 23653?
3
What is the thousands digit of 4283?
4
What is the hundreds digit of 12412?
4
What is the ten thousands digit of 11810?
1
What is the tens digit of 30537?
3
What is the units digit of 3708?
8
What is the thousands digit of 1399?
1
What is the tens digit of 29?
2
What is the hundreds digit of 2627?
6
What is the hundreds digit of 1252?
2
What is the hundreds digit of 19946?
9
What is the units digit of 547?
7
What is the hundreds digit of 4431?
4
What is the tens digit of 3524?
2
What is the thousands digit of 47815?
7
What is the thousands digit of 12822?
2
What is the hundreds digit of 40339?
3
What is the thousands digit of 51884?
1
What is the tens digit of 2757?
5
What is the hundreds digit of 1592?
5
What is the thousands digit of 3061?
3
What is the units digit of 931?
1
What is the units digit of 56736?
6
What is the thousands digit of 3047?
3
What is the tens digit of 2669?
6
What is the units digit of 12845?
5
What is the thousands digit of 5524?
5
What is the units digit of 460?
0
What is the units digit of 2393?
3
What is the thousands digit of 107003?
7
What is the tens digit of 9172?
7
What is the ten thousands digit of 30354?
3
What is the thousands digit of 8966?
8
What is the thousands digit of 90205?
0
What is the tens digit of 7159?
5
What is the units digit of 30?
0
What is the units digit of 10128?
8
What is the units digit of 688?
8
What is the units digit of 779?
9
What is the thousands digit of 46036?
6
What is the units digit of 379?
9
What is the tens digit of 50606?
0
What is the units digit of 57443?
3
What is the units digit of 1228?
8
What is the thousands digit of 14610?
4
What is the units digit of 3143?
3
What is the tens digit of 316?
1
What is the units digit of 6926?
6
What is the ten thousands digit of 12239?
1
What is the units digit of 17109?
9
What is the thousands digit of 30010?
0
What is the hundreds digit of 1881?
8
What is the units digit of 1279?
9
What is the thousands digit of 3751?
3
What is the hundreds digit of 1268?
2
What is the hundreds digit of 626?
6
What is the units digit of 3017?
7
What is the hundreds digit of 461?
4
What is the hundreds digit of 263?
2
What is the hundreds digit of 23091?
0
What is the thousands digit of 62248?
2
What is the tens digit of 20329?
2
What is the ten thousands digit of 29483?
2
What is the hundreds digit of 519?
5
What is the hundreds digit of 1131?
1
What is the tens digit of 5819?
1
What is the units digit of 4090?
0
What is the units digit of 2884?
4
What is the ten thousands digit of 23946?
2
What is the thousands digit of 6088?
6
What is the tens digit of 2822?
2
What is the units digit of 728?
8
What is the tens digit of 3835?
3
What is the units digit of 757?
7
What is the hundreds digit of 5747?
7
What is the thousands digit of 14666?
4
What is the units digit of 976?
6
What is the thousands digit of 12794?
2
What is the thousands digit of 4997?
4
What is the thousands digit of 38670?
8
What is the units digit of 24?
4
What is the ten thousands digit of 29826?
2
What is the units digit of 1711?
1
What is the thousands digit of 6926?
6
What is the hundreds digit of 1610?
6
What is the tens digit of 2069?
6
What is the thousands digit of 1345?
1
What is the hundreds digit of 2047?
0
What is the units digit of 1406?
6
What is the hundreds digit of 1293?
2
What is the ten thousands digit of 14265?
1
What is the tens digit of 1363?
6
What is the hundreds digit of 876?
8
What is the ten thousands digit of 33004?
3
What is the units digit of 11249?
9
What is the tens digit of 83601?
0
What is the thousands digit of 156258?
6
What is the ten thousands digit of 13592?
1
What is the thousands digit of 12226?
2
What is the hundreds digit of 536?
5
What is the hundreds digit of 23381?
3
What is the thousands digit of 23171?
3
What is the hundreds digit of 19790?
7
What is the units digit of 13899?
9
What is the units digit of 1491?
1
What is the thousands digit of 1354?
1
What is the units digit of 21913?
3
What is the units digit of 9126?
6
What is the tens digit of 188?
8
What is the hundreds digit of 266?
2
What is the tens digit of 50191?
9
What is the thousands digit of 2435?
2
What is the tens digit of 6031?
3
What is the thousands digit of 3510?
3
What is the hundreds digit of 13971?
9
What is the ten thousands digit of 28275?
2
What is the units digit of 1717?
7
What is the tens digit of 468?
6
What is the thousands digit of 9117?
9
What is the hundreds digit of 4779?
7
What is the tens digit of 3778?
7
What is the tens digit of 60?
6
What is the hundreds digit of 10499?
4
What is the tens digit of 2069?
6
What is the units digit of 301?
1
What is the hundreds digit of 63696?
6
What is the ten thousands digit of 39902?
3
What is the units digit of 388?
8
What is the tens digit of 1141?
4
What is the thousands digit of 91598?
1
What is the tens digit of 63980?
8
What is the thousands digit of 17446?
7
What is the tens digit of 5347?
4
What is the thousands digit of 2575?
2
What is the units digit of 499?
9
What is the thousands digit of 32947?
2
What is the tens digit of 932?
3
What is the units digit of 2320?
0
What is the ten thousands digit of 44639?
4
What is the hundreds digit of 3654?
6
What is the units digit of 217?
7
What is the hundreds digit of 2413?
4
What is the units digit of 963?
3
What is the units digit of 369?
9
What is the tens digit of 1263?
6
What is the thousands digit of 6634?
6
What is the ten thousands digit of 75221?
7
What is the thousands digit of 1196?
1
What is the ten thousands digit of 10571?
1
What is the hundreds digit of 104842?
8
What is the tens digit of 54071?
7
What is the hundreds digit of 317?
3
What is the thousands digit of 1339?
1
What is the hundreds digit of 440?
4
What is the thousands digit of 50993?
0
What is the tens digit of 1444?
4
What is the tens digit of 22481?
8
What is the hundreds digit of 6830?
8
What is the tens digit of 346?
4
What is the units digit of 1399?
9
What is the tens digit of 5878?
7
What is the hundreds digit of 66730?
7
What is the units digit of 561?
1
What is the hundreds digit of 316?
3
What is the thousands digit of 80663?
0
What is the tens digit of 13151?
5
What is the thousands digit of 5505?
5
What is the hundreds digit of 1775?
7
What is the hundreds digit of 59513?
5
What is the tens digit of 2763?
6
What is the tens digit of 7861?
6
What is the tens digit of 2093?
9
What is the hundreds digit of 668?
6
What is the thousands digit of 6042?
6
What is the hundreds digit of 1014?
0
What is the ten thousands digit of 10648?
1
What is the hundreds digit of 76244?
2
What is the thousands digit of 85821?
5
What is the ten thousands digit of 102800?
0
What is the units digit of 246?
6
What is the thousands digit of 91443?
1
What is the tens digit of 409?
0
What is the thousands digit of 18658?
8
What is the units digit of 15320?
0
What is the units digit of 49942?
2
What is the tens digit of 942?
4
What is the tens digit of 283?
8
What is the thousands digit of 30931?
0
What is the units digit of 306?
6
What is the units digit of 1946?
6
What is the units digit of 34495?
5
What is the hundreds digit of 1306?
3
What is the tens digit of 48699?
9
What is the units digit of 30986?
6
What is the ten thousands digit of 41175?
4
What is the tens digit of 4568?
6
What is the hundreds digit of 959?
9
What is the units digit of 84?
4
What is the hundreds digit of 7129?
1
What is the hundreds digit of 2596?
5
What is the hundreds digit of 6895?
8
What is the tens digit of 5703?
0
What is the tens digit of 844?
4
What is the units digit of 772?
2
What 